ist the prime factors of 12030.
2, 3, 5, 401
What are the prime factors of 412?
2, 103
List the prime factors of 5296.
2, 331
What are the prime factors of 27000?
2, 3, 5
List the prime factors of 79.
79
What are the prime factors of 227?
227
List the prime factors of 49475.
5, 1979
What are the prime factors of 21148?
2, 17, 311
What are the prime factors of 8448?
2, 3, 11
What are the prime factors of 11343?
3, 19, 199
What are the prime factors of 1190?
2, 5, 7, 17
What are the prime factors of 1446?
2, 3, 241
What are the prime factors of 1469?
13, 113
What are the prime factors of 34886?
2, 17443
List the prime factors of 5832.
2, 3
List the prime factors of 2696.
2, 337
List the prime factors of 1606.
2, 11, 73
List the prime factors of 10674.
2, 3, 593
What are the prime factors of 54817?
7, 41, 191
What are the prime factors of 1180?
2, 5, 59
List the prime factors of 5567.
19, 293
What are the prime factors of 50309?
7, 7187
What are the prime factors of 394?
2, 197
What are the prime factors of 95752?
2, 11969
List the prime factors of 19477.
19477
What are the prime factors of 223?
223
What are the prime factors of 112916?
2, 28229
What are the prime factors of 160653?
3, 53551
List the prime factors of 1890.
2, 3, 5, 7
List the prime factors of 416.
2, 13
List the prime factors of 152300.
2, 5, 1523
What are the prime factors of 45921?
3, 15307
List the prime factors of 880.
2, 5, 11
What are the prime factors of 5768?
2, 7, 103
List the prime factors of 3302.
2, 13, 127
What are the prime factors of 186036?
2, 3, 37, 419
What are the prime factors of 297?
3, 11
List the prime factors of 2156.
2, 7, 11
List the prime factors of 56960.
2, 5, 89
List the prime factors of 7898.
2, 11, 359
List the prime factors of 982.
2, 491
What are the prime factors of 414?
2, 3, 23
List the prime factors of 482.
2, 241
List the prime factors of 11976.
2, 3, 499
What are the prime factors of 16526?
2, 8263
List the prime factors of 7132.
2, 1783
What are the prime factors of 32041?
179
What are the prime factors of 988?
2, 13, 19
What are the prime factors of 1518?
2, 3, 11, 23
What are the prime factors of 2298?
2, 3, 383
List the prime factors of 363.
3, 11
List the prime factors of 2268.
2, 3, 7
What are the prime factors of 3763?
53, 71
List the prime factors of 19693.
47, 419
What are the prime factors of 615?
3, 5, 41
What are the prime factors of 1051?
1051
What are the prime factors of 1104?
2, 3, 23
List the prime factors of 78926.
2, 19, 31, 67
What are the prime factors of 1216?
2, 19
List the prime factors of 7728.
2, 3, 7, 23
List the prime factors of 15974.
2, 7, 163
What are the prime factors of 18948?
2, 3, 1579
List the prime factors of 1106.
2, 7, 79
What are the prime factors of 2763?
3, 307
What are the prime factors of 9345?
3, 5, 7, 89
What are the prime factors of 3348?
2, 3, 31
List the prime factors of 7.
7
What are the prime factors of 1554?
2, 3, 7, 37
What are the prime factors of 4330?
2, 5, 433
List the prime factors of 4300.
2, 5, 43
What are the prime factors of 37538?
2, 137
List the prime factors of 85760.
2, 5, 67
List the prime factors of 8865.
3, 5, 197
What are the prime factors of 1687?
7, 241
What are the prime factors of 2448?
2, 3, 17
List the prime factors of 1103.
1103
List the prime factors of 7655.
5, 1531
List the prime factors of 17063.
113, 151
What are the prime factors of 2092?
2, 523
List the prime factors of 3158.
2, 1579
List the prime factors of 809.
809
What are the prime factors of 6225?
3, 5, 83
What are the prime factors of 455?
5, 7, 13
List the prime factors of 9035.
5, 13, 139
List the prime factors of 2475.
3, 5, 11
What are the prime factors of 3218?
2, 1609
What are the prime factors of 407?
11, 37
List the prime factors of 7844.
2, 37, 53
List the prime factors of 9170.
2, 5, 7, 131
List the prime factors of 41157.
3, 17, 269
List the prime factors of 4883.
19, 257
What are the prime factors of 8717?
23, 379
List the prime factors of 605.
5, 11
List the prime factors of 3375.
3, 5
List the prime factors of 33356.
2, 31, 269
What are the prime factors of 754?
2, 13, 29
What are the prime factors of 286?
2, 11, 13
What are the prime factors of 2198?
2, 7, 157
What are the prime factors of 117285?
3, 5, 7, 1117
What are the prime factors of 94165?
5, 37, 509
What are the prime factors of 13409?
11, 23, 53
What are the prime factors of 860?
2, 5, 43
What are the prime factors of 47581?
47581
List the prime factors of 35539.
7, 5077
List the prime factors of 1752.
2, 3, 73
List the prime factors of 141556.
2, 43, 823
List the prime factors of 1690.
2, 5, 13
What are the prime factors of 1204?
2, 7, 43
What are the prime factors of 6628?
2, 1657
List the prime factors of 2079.
3, 7, 11
List the prime factors of 4805.
5, 31
What are the prime factors of 152?
2, 19
What are the prime factors of 20188?
2, 7, 103
List the prime factors of 6750.
2, 3, 5
What are the prime factors of 12316?
2, 3079
What are the prime factors of 36009?
3, 4001
List the prime factors of 1408.
2, 11
What are the prime factors of 860?
2, 5, 43
What are the prime factors of 634?
2, 317
List the prime factors of 716.
2, 179
List the prime factors of 1573.
11, 13
What are the prime factors of 1922?
2, 31
What are the prime factors of 357?
3, 7, 17
What are the prime factors of 34707?
3, 23, 503
What are the prime factors of 17922?
2, 3, 29, 103
List the prime factors of 684.
2, 3, 19
List the prime factors of 2972.
2, 743
List the prime factors of 71.
71
What are the prime factors of 10170?
2, 3, 5, 113
What are the prime factors of 3551?
53, 67
List the prime factors of 15205.
5, 3041
What are the prime factors of 5773?
23, 251
What are the prime factors of 1505?
5, 7, 43
List the prime factors of 7102.
2, 53, 67
What are the prime factors of 15317?
17, 53
List the prime factors of 1220.
2, 5, 61
List the prime factors of 22146.
2, 3, 3691
List the prime factors of 10066.
2, 7, 719
List the prime factors of 103457.
103457
List the prime factors of 51859.
51859
List the prime factors of 1136.
2, 71
What are the prime factors of 5992?
2, 7, 107
What are the prime factors of 379?
379
List the prime factors of 15105.
3, 5, 19, 53
What are the prime factors of 10775?
5, 431
List the prime factors of 1330.
2, 5, 7, 19
What are the prime factors of 4163?
23, 181
What are the prime factors of 3927?
3, 7, 11, 17
What are the prime factors of 4262?
2, 2131
What are the prime factors of 5977?
43, 139
What are the prime factors of 88103?
19, 4637
What are the prime factors of 18564?
2, 3, 7, 13, 17
What are the prime factors of 1070?
2, 5, 107
What are the prime factors of 12607?
7, 1801
List the prime factors of 4256.
2, 7, 19
List the prime factors of 1234.
2, 617
List the prime factors of 5281.
5281
List the prime factors of 13440.
2, 3, 5, 7
List the prime factors of 5295.
3, 5, 353
List the prime factors of 67.
67
What are the prime factors of 15241?
15241
What are the prime factors of 131?
131
List the prime factors of 33309.
3, 3701
What are the prime factors of 9122?
2, 4561
List the prime factors of 3233.
53, 61
List the prime factors of 2562.
2, 3, 7, 61
List the prime factors of 35142.
2, 3, 5857
List the prime factors of 171254.
2, 85627
What are the prime factors of 1218?
2, 3, 7, 29
What are the prime factors of 1873?
1873
What are the prime factors of 2756?
2, 13, 53
List the prime factors of 20440.
2, 5, 7, 73
What are the prime factors of 6226?
2, 11, 283
List the prime factors of 49665.
3, 5, 7, 11, 43
List the prime factors of 2791.
2791
What are the prime factors of 3009?
3, 17, 59
List the prime factors of 87520.
2, 5, 547
List the prime factors of 3598.
2, 7, 257
List the prime factors of 786.
2, 3, 131
List the prime factors of 4211.
4211
What are the prime factors of 2928?
2, 3, 61
What are the prime factors of 932?
2, 233
List the prime factors of 38765.
5, 7753
List the prime factors of 32296.
2, 11, 367
What are the prime factors of 23160?
2, 3, 5, 193
What are the prime factors of 161541?
3, 31, 193
List the prime factors of 55245.
3, 5, 29, 127
List the prime factors of 10308.
2, 3, 859
List the prime factors of 37177.
7, 47, 113
What are the prime factors of 1072?
2, 67
List the prime factors of